{"id":2487,"date":"2022-05-03T14:32:00","date_gmt":"2022-05-03T17:32:00","guid":{"rendered":"https:\/\/skymedia.works\/mavi\/virtuales-permanente\/asi-van-las-cosas\/"},"modified":"2023-01-27T12:52:26","modified_gmt":"2023-01-27T15:52:26","slug":"asi-van-las-cosas","status":"publish","type":"virtuales-permanente","link":"https:\/\/mavi.uc.cl\/en\/virtuales-permanente\/asi-van-las-cosas\/","title":{"rendered":"As\u00ed van las cosas"},"content":{"rendered":"<div class=\"row\">\n<div class=\"wp-block-columns is-layout-flex wp-container-core-columns-is-layout-9d6595d7 wp-block-columns-is-layout-flex\"><div class=\"col-md-6\">\n<div class=\"wp-block-column is-layout-flow wp-block-column-is-layout-flow\">\n<p>Esta muestra se present\u00f3 en las salas 3 a 6 del Museo de Artes Visuales MAVI UC entre el 3 de mayo y el 3 de julio 2022.<\/p>\n\n\n\n<p>A trav\u00e9s de dibujo, pintura, escultura, fotograf\u00eda, video e instalaci\u00f3n, las obras de los y las artistas participantes en la exposici\u00f3n \u201cAs\u00ed van las cosas\u201d interpelaron las nociones de inestabilidad y precariedad, as\u00ed como la crisis de la idea de progreso desde distintos puntos de vista social, pol\u00edtico y econ\u00f3mico.<\/p>\n<\/div>\n<\/div>\n\n<div class=\"col-md-6\">\n<div class=\"wp-block-column is-layout-flow wp-block-column-is-layout-flow\">\n<p>La muestra cont\u00f3 con la participaci\u00f3n de un conjunto de artistas de Latinoam\u00e9rica y Europa, diversas generaciones que hablan en sus obras del colapso, del devenir, de los complejos equilibrios sociales, de las transiciones, la memoria y el futuro incierto.<\/p>\n<\/div>\n<\/div><\/div>\n<\/div>","protected":false},"featured_media":1277,"template":"","artistas":[380,451,382,383,384,359,385,386,362,387,388,389,390,391,392,452,394,395,396],"class_list":["post-2487","virtuales-permanente","type-virtuales-permanente","status-publish","has-post-thumbnail","hentry","artistas-carlos-garaicoa-en","artistas-cinthia-marcelle-y-tiago-mata-machado-en","artistas-dario-escobar-en","artistas-eugenio-merino-en","artistas-eugenio-tellez-en","artistas-jorge-tacla-en","artistas-jota-castro-en","artistas-kader-attia-en","artistas-natalia-babarovic-en","artistas-nury-gonzalez-en","artistas-patricia-dominguez-en","artistas-patrick-hamilton-en","artistas-paula-baeza-pailamilla-en","artistas-paz-errazuriz-en","artistas-pedro-lemebel-en","artistas-pilar-quinteros-en","artistas-santiago-sierra-en","artistas-sebastian-preece-en","artistas-teresa-margolles-en"],"acf":[],"yoast_head":"<!-- This site is optimized with the Yoast SEO plugin v27.0 - https:\/\/yoast.com\/product\/yoast-seo-wordpress\/ -->\n<title>As\u00ed van las cosas - MAVI UC<\/title>\n<meta name=\"description\" content=\"Aqu\u00ed puedes conocer o volver a visitar exposiciones pasadas del Museo de Artes Visuales MAVI UC en formato virtual.\" \/>\n<meta name=\"robots\" content=\"index, follow, max-snippet:-1, max-image-preview:large, max-video-preview:-1\" \/>\n<link rel=\"canonical\" href=\"https:\/\/mavi.uc.cl\/en\/virtuales-permanente\/asi-van-las-cosas\/\" \/>\n<meta property=\"og:locale\" content=\"en_US\" \/>\n<meta property=\"og:type\" content=\"article\" \/>\n<meta property=\"og:title\" content=\"As\u00ed van las cosas - MAVI UC\" \/>\n<meta property=\"og:description\" content=\"Aqu\u00ed puedes conocer o volver a visitar exposiciones pasadas del Museo de Artes Visuales MAVI UC en formato virtual.\" \/>\n<meta property=\"og:url\" content=\"https:\/\/mavi.uc.cl\/en\/virtuales-permanente\/asi-van-las-cosas\/\" \/>\n<meta property=\"og:site_name\" content=\"MAVI UC\" \/>\n<meta property=\"article:modified_time\" content=\"2023-01-27T15:52:26+00:00\" \/>\n<meta property=\"og:image\" content=\"https:\/\/mavi.uc.cl\/wp-content\/uploads\/2023\/01\/Exposiciones-virtuales.-Asi-van-las-cosas.jpg\" \/>\n\t<meta property=\"og:image:width\" content=\"1280\" \/>\n\t<meta property=\"og:image:height\" content=\"854\" \/>\n\t<meta property=\"og:image:type\" content=\"image\/jpeg\" \/>\n<meta name=\"twitter:card\" content=\"summary_large_image\" \/>\n<meta name=\"twitter:label1\" content=\"Est. reading time\" \/>\n\t<meta name=\"twitter:data1\" content=\"1 minute\" \/>\n<script type=\"application\/ld+json\" class=\"yoast-schema-graph\">{\"@context\":\"https:\/\/schema.org\",\"@graph\":[{\"@type\":\"WebPage\",\"@id\":\"https:\/\/mavi.uc.cl\/en\/virtuales-permanente\/asi-van-las-cosas\/\",\"url\":\"https:\/\/mavi.uc.cl\/en\/virtuales-permanente\/asi-van-las-cosas\/\",\"name\":\"As\u00ed van las cosas - MAVI UC\",\"isPartOf\":{\"@id\":\"https:\/\/mavi.uc.cl\/#website\"},\"primaryImageOfPage\":{\"@id\":\"https:\/\/mavi.uc.cl\/en\/virtuales-permanente\/asi-van-las-cosas\/#primaryimage\"},\"image\":{\"@id\":\"https:\/\/mavi.uc.cl\/en\/virtuales-permanente\/asi-van-las-cosas\/#primaryimage\"},\"thumbnailUrl\":\"https:\/\/mavi.uc.cl\/wp-content\/uploads\/2023\/01\/Exposiciones-virtuales.-Asi-van-las-cosas.jpg\",\"datePublished\":\"2022-05-03T17:32:00+00:00\",\"dateModified\":\"2023-01-27T15:52:26+00:00\",\"description\":\"Aqu\u00ed puedes conocer o volver a visitar exposiciones pasadas del Museo de Artes Visuales MAVI UC en formato virtual.\",\"breadcrumb\":{\"@id\":\"https:\/\/mavi.uc.cl\/en\/virtuales-permanente\/asi-van-las-cosas\/#breadcrumb\"},\"inLanguage\":\"en-US\",\"potentialAction\":[{\"@type\":\"ReadAction\",\"target\":[\"https:\/\/mavi.uc.cl\/en\/virtuales-permanente\/asi-van-las-cosas\/\"]}]},{\"@type\":\"ImageObject\",\"inLanguage\":\"en-US\",\"@id\":\"https:\/\/mavi.uc.cl\/en\/virtuales-permanente\/asi-van-las-cosas\/#primaryimage\",\"url\":\"https:\/\/mavi.uc.cl\/wp-content\/uploads\/2023\/01\/Exposiciones-virtuales.-Asi-van-las-cosas.jpg\",\"contentUrl\":\"https:\/\/mavi.uc.cl\/wp-content\/uploads\/2023\/01\/Exposiciones-virtuales.-Asi-van-las-cosas.jpg\",\"width\":1280,\"height\":854},{\"@type\":\"BreadcrumbList\",\"@id\":\"https:\/\/mavi.uc.cl\/en\/virtuales-permanente\/asi-van-las-cosas\/#breadcrumb\",\"itemListElement\":[{\"@type\":\"ListItem\",\"position\":1,\"name\":\"Portada\",\"item\":\"https:\/\/mavi.uc.cl\/en\/\"},{\"@type\":\"ListItem\",\"position\":2,\"name\":\"Exposiciones virtuales permanentes\",\"item\":\"https:\/\/mavi.uc.cl\/virtuales-permanentes\/\"},{\"@type\":\"ListItem\",\"position\":3,\"name\":\"As\u00ed van las cosas\"}]},{\"@type\":\"WebSite\",\"@id\":\"https:\/\/mavi.uc.cl\/#website\",\"url\":\"https:\/\/mavi.uc.cl\/\",\"name\":\"MAVI UC\",\"description\":\"Museo de Artes Visuales\",\"potentialAction\":[{\"@type\":\"SearchAction\",\"target\":{\"@type\":\"EntryPoint\",\"urlTemplate\":\"https:\/\/mavi.uc.cl\/?s={search_term_string}\"},\"query-input\":{\"@type\":\"PropertyValueSpecification\",\"valueRequired\":true,\"valueName\":\"search_term_string\"}}],\"inLanguage\":\"en-US\"}]}<\/script>\n<!-- \/ Yoast SEO plugin. -->","yoast_head_json":{"title":"As\u00ed van las cosas - MAVI UC","description":"Aqu\u00ed puedes conocer o volver a visitar exposiciones pasadas del Museo de Artes Visuales MAVI UC en formato virtual.","robots":{"index":"index","follow":"follow","max-snippet":"max-snippet:-1","max-image-preview":"max-image-preview:large","max-video-preview":"max-video-preview:-1"},"canonical":"https:\/\/mavi.uc.cl\/en\/virtuales-permanente\/asi-van-las-cosas\/","og_locale":"en_US","og_type":"article","og_title":"As\u00ed van las cosas - MAVI UC","og_description":"Aqu\u00ed puedes conocer o volver a visitar exposiciones pasadas del Museo de Artes Visuales MAVI UC en formato virtual.","og_url":"https:\/\/mavi.uc.cl\/en\/virtuales-permanente\/asi-van-las-cosas\/","og_site_name":"MAVI UC","article_modified_time":"2023-01-27T15:52:26+00:00","og_image":[{"width":1280,"height":854,"url":"https:\/\/mavi.uc.cl\/wp-content\/uploads\/2023\/01\/Exposiciones-virtuales.-Asi-van-las-cosas.jpg","type":"image\/jpeg"}],"twitter_card":"summary_large_image","twitter_misc":{"Est. reading time":"1 minute"},"schema":{"@context":"https:\/\/schema.org","@graph":[{"@type":"WebPage","@id":"https:\/\/mavi.uc.cl\/en\/virtuales-permanente\/asi-van-las-cosas\/","url":"https:\/\/mavi.uc.cl\/en\/virtuales-permanente\/asi-van-las-cosas\/","name":"As\u00ed van las cosas - MAVI UC","isPartOf":{"@id":"https:\/\/mavi.uc.cl\/#website"},"primaryImageOfPage":{"@id":"https:\/\/mavi.uc.cl\/en\/virtuales-permanente\/asi-van-las-cosas\/#primaryimage"},"image":{"@id":"https:\/\/mavi.uc.cl\/en\/virtuales-permanente\/asi-van-las-cosas\/#primaryimage"},"thumbnailUrl":"https:\/\/mavi.uc.cl\/wp-content\/uploads\/2023\/01\/Exposiciones-virtuales.-Asi-van-las-cosas.jpg","datePublished":"2022-05-03T17:32:00+00:00","dateModified":"2023-01-27T15:52:26+00:00","description":"Aqu\u00ed puedes conocer o volver a visitar exposiciones pasadas del Museo de Artes Visuales MAVI UC en formato virtual.","breadcrumb":{"@id":"https:\/\/mavi.uc.cl\/en\/virtuales-permanente\/asi-van-las-cosas\/#breadcrumb"},"inLanguage":"en-US","potentialAction":[{"@type":"ReadAction","target":["https:\/\/mavi.uc.cl\/en\/virtuales-permanente\/asi-van-las-cosas\/"]}]},{"@type":"ImageObject","inLanguage":"en-US","@id":"https:\/\/mavi.uc.cl\/en\/virtuales-permanente\/asi-van-las-cosas\/#primaryimage","url":"https:\/\/mavi.uc.cl\/wp-content\/uploads\/2023\/01\/Exposiciones-virtuales.-Asi-van-las-cosas.jpg","contentUrl":"https:\/\/mavi.uc.cl\/wp-content\/uploads\/2023\/01\/Exposiciones-virtuales.-Asi-van-las-cosas.jpg","width":1280,"height":854},{"@type":"BreadcrumbList","@id":"https:\/\/mavi.uc.cl\/en\/virtuales-permanente\/asi-van-las-cosas\/#breadcrumb","itemListElement":[{"@type":"ListItem","position":1,"name":"Portada","item":"https:\/\/mavi.uc.cl\/en\/"},{"@type":"ListItem","position":2,"name":"Exposiciones virtuales permanentes","item":"https:\/\/mavi.uc.cl\/virtuales-permanentes\/"},{"@type":"ListItem","position":3,"name":"As\u00ed van las cosas"}]},{"@type":"WebSite","@id":"https:\/\/mavi.uc.cl\/#website","url":"https:\/\/mavi.uc.cl\/","name":"MAVI UC","description":"Museo de Artes Visuales","potentialAction":[{"@type":"SearchAction","target":{"@type":"EntryPoint","urlTemplate":"https:\/\/mavi.uc.cl\/?s={search_term_string}"},"query-input":{"@type":"PropertyValueSpecification","valueRequired":true,"valueName":"search_term_string"}}],"inLanguage":"en-US"}]}},"_links":{"self":[{"href":"https:\/\/mavi.uc.cl\/en\/wp-json\/wp\/v2\/virtuales-permanente\/2487","targetHints":{"allow":["GET"]}}],"collection":[{"href":"https:\/\/mavi.uc.cl\/en\/wp-json\/wp\/v2\/virtuales-permanente"}],"about":[{"href":"https:\/\/mavi.uc.cl\/en\/wp-json\/wp\/v2\/types\/virtuales-permanente"}],"wp:featuredmedia":[{"embeddable":true,"href":"https:\/\/mavi.uc.cl\/en\/wp-json\/wp\/v2\/media\/1277"}],"wp:attachment":[{"href":"https:\/\/mavi.uc.cl\/en\/wp-json\/wp\/v2\/media?parent=2487"}],"wp:term":[{"taxonomy":"artistas","embeddable":true,"href":"https:\/\/mavi.uc.cl\/en\/wp-json\/wp\/v2\/artistas?post=2487"}],"curies":[{"name":"wp","href":"https:\/\/api.w.org\/{rel}","templated":true}]}}

Así van las cosas

<div class="row">
<div class="wp-block-columns is-layout-flex wp-container-core-columns-is-layout-9d6595d7 wp-block-columns-is-layout-flex"><div class="col-md-6">
<div class="wp-block-column is-layout-flow wp-block-column-is-layout-flow">
<p>Esta muestra se presentó en las salas 3 a 6 del Museo de Artes Visuales MAVI UC entre el 3 de mayo y el 3 de julio 2022.</p>



<p>A través de dibujo, pintura, escultura, fotografía, video e instalación, las obras de los y las artistas participantes en la exposición “Así van las cosas” interpelaron las nociones de inestabilidad y precariedad, así como la crisis de la idea de progreso desde distintos puntos de vista social, político y económico.</p>
</div>
</div>

<div class="col-md-6">
<div class="wp-block-column is-layout-flow wp-block-column-is-layout-flow">
<p>La muestra contó con la participación de un conjunto de artistas de Latinoamérica y Europa, diversas generaciones que hablan en sus obras del colapso, del devenir, de los complejos equilibrios sociales, de las transiciones, la memoria y el futuro incierto.</p>
</div>
</div></div>
</div>

<!-- This site is optimized with the Yoast SEO plugin v27.0 - https://yoast.com/product/yoast-seo-wordpress/ -->
<title>Así van las cosas - MAVI UC</title>
<meta name="description" content="Aquí puedes conocer o volver a visitar exposiciones pasadas del Museo de Artes Visuales MAVI UC en formato virtual." />
<meta name="robots" content="index, follow, max-snippet:-1, max-image-preview:large, max-video-preview:-1" />
<link rel="canonical" href="https://mavi.uc.cl/en/virtuales-permanente/asi-van-las-cosas/" />
<meta property="og:locale" content="en_US" />
<meta property="og:type" content="article" />
<meta property="og:title" content="Así van las cosas - MAVI UC" />
<meta property="og:description" content="Aquí puedes conocer o volver a visitar exposiciones pasadas del Museo de Artes Visuales MAVI UC en formato virtual." />
<meta property="og:url" content="https://mavi.uc.cl/en/virtuales-permanente/asi-van-las-cosas/" />
<meta property="og:site_name" content="MAVI UC" />
<meta property="article:modified_time" content="2023-01-27T15:52:26+00:00" />
<meta property="og:image" content="https://mavi.uc.cl/wp-content/uploads/2023/01/Exposiciones-virtuales.-Asi-van-las-cosas.jpg" />
	<meta property="og:image:width" content="1280" />
	<meta property="og:image:height" content="854" />
	<meta property="og:image:type" content="image/jpeg" />
<meta name="twitter:card" content="summary_large_image" />
<meta name="twitter:label1" content="Est. reading time" />
	<meta name="twitter:data1" content="1 minute" />
<script type="application/ld+json" class="yoast-schema-graph">{"@context":"https://schema.org","@graph":[{"@type":"WebPage","@id":"https://mavi.uc.cl/en/virtuales-permanente/asi-van-las-cosas/","url":"https://mavi.uc.cl/en/virtuales-permanente/asi-van-las-cosas/","name":"Así van las cosas - MAVI UC","isPartOf":{"@id":"https://mavi.uc.cl/#website"},"primaryImageOfPage":{"@id":"https://mavi.uc.cl/en/virtuales-permanente/asi-van-las-cosas/#primaryimage"},"image":{"@id":"https://mavi.uc.cl/en/virtuales-permanente/asi-van-las-cosas/#primaryimage"},"thumbnailUrl":"https://mavi.uc.cl/wp-content/uploads/2023/01/Exposiciones-virtuales.-Asi-van-las-cosas.jpg","datePublished":"2022-05-03T17:32:00+00:00","dateModified":"2023-01-27T15:52:26+00:00","description":"Aquí puedes conocer o volver a visitar exposiciones pasadas del Museo de Artes Visuales MAVI UC en formato virtual.","breadcrumb":{"@id":"https://mavi.uc.cl/en/virtuales-permanente/asi-van-las-cosas/#breadcrumb"},"inLanguage":"en-US","potentialAction":[{"@type":"ReadAction","target":["https://mavi.uc.cl/en/virtuales-permanente/asi-van-las-cosas/"]}]},{"@type":"ImageObject","inLanguage":"en-US","@id":"https://mavi.uc.cl/en/virtuales-permanente/asi-van-las-cosas/#primaryimage","url":"https://mavi.uc.cl/wp-content/uploads/2023/01/Exposiciones-virtuales.-Asi-van-las-cosas.jpg","contentUrl":"https://mavi.uc.cl/wp-content/uploads/2023/01/Exposiciones-virtuales.-Asi-van-las-cosas.jpg","width":1280,"height":854},{"@type":"BreadcrumbList","@id":"https://mavi.uc.cl/en/virtuales-permanente/asi-van-las-cosas/#breadcrumb","itemListElement":[{"@type":"ListItem","position":1,"name":"Portada","item":"https://mavi.uc.cl/en/"},{"@type":"ListItem","position":2,"name":"Exposiciones virtuales permanentes","item":"https://mavi.uc.cl/virtuales-permanentes/"},{"@type":"ListItem","position":3,"name":"Así van las cosas"}]},{"@type":"WebSite","@id":"https://mavi.uc.cl/#website","url":"https://mavi.uc.cl/","name":"MAVI UC","description":"Museo de Artes Visuales","potentialAction":[{"@type":"SearchAction","target":{"@type":"EntryPoint","urlTemplate":"https://mavi.uc.cl/?s={search_term_string}"},"query-input":{"@type":"PropertyValueSpecification","valueRequired":true,"valueName":"search_term_string"}}],"inLanguage":"en-US"}]}</script>
<!-- / Yoast SEO plugin. -->

Así van las cosas - MAVI UC

Aquí puedes conocer o volver a visitar exposiciones pasadas del Museo de Artes Visuales MAVI UC en formato virtual.
