{"id":2480,"date":"2009-01-26T15:16:00","date_gmt":"2009-01-26T18:16:00","guid":{"rendered":"https:\/\/skymedia.works\/mavi\/premio-mavi-uc\/premio-mavi-uc-version-iv-2009\/"},"modified":"2023-01-27T14:08:33","modified_gmt":"2023-01-27T17:08:33","slug":"premio-mavi-uc-version-iv-2009","status":"publish","type":"premio-mavi-uc","link":"https:\/\/mavi.uc.cl\/en\/premio-mavi-uc\/premio-mavi-uc-version-iv-2009\/","title":{"rendered":"MAVI UC Award \u2013 Version IV 2009"},"content":{"rendered":"\n<p>Mediante este concurso, el Museo de Artes Visuales se proyecta desde 2006 como agente activo en la creaci\u00f3n de oportunidades para j\u00f3venes creadores\/as. A su vez, quiere ser un nexo entre p\u00fablico y artistas, con el fin de reflejar inquietudes y tendencias de las nuevas generaciones.<\/p>\n\n\n\n<p>Se entreg\u00f3 el primer lugar a Pablo Serra, el segundo lugar a Claudia Bitr\u00e1n, el tercer lugar a Jos\u00e9 Carcavilla. Se otorg\u00f3 el Premio Bicentenario a Paulina Miranda. Adem\u00e1s, se destacaron seis menciones honrosas: Patricia Vogel, Gabriela V\u00e1squez, Nicole Pemjean, Francisca Eluchans, Enrique Ram\u00edrez y Felipe Muhr.<\/p>\n","protected":false},"featured_media":2361,"template":"","class_list":["post-2480","premio-mavi-uc","type-premio-mavi-uc","status-publish","has-post-thumbnail","hentry"],"acf":[],"yoast_head":"<!-- This site is optimized with the Yoast SEO plugin v27.0 - https:\/\/yoast.com\/product\/yoast-seo-wordpress\/ -->\n<title>MAVI UC Award \u2013 Version IV 2009 - MAVI UC<\/title>\n<meta name=\"robots\" content=\"index, follow, max-snippet:-1, max-image-preview:large, max-video-preview:-1\" \/>\n<link rel=\"canonical\" href=\"https:\/\/mavi.uc.cl\/en\/premio-mavi-uc\/premio-mavi-uc-version-iv-2009\/\" \/>\n<meta property=\"og:locale\" content=\"en_US\" \/>\n<meta property=\"og:type\" content=\"article\" \/>\n<meta property=\"og:title\" content=\"MAVI UC Award \u2013 Version IV 2009 - MAVI UC\" \/>\n<meta property=\"og:description\" content=\"Mediante este concurso, el Museo de Artes Visuales se proyecta desde 2006 como agente activo en la creaci\u00f3n de oportunidades para j\u00f3venes creadores\/as. A su vez, quiere ser un nexo entre p\u00fablico y artistas, con el fin de reflejar inquietudes y tendencias de las nuevas generaciones. Se entreg\u00f3 el primer lugar a Pablo Serra, el [&hellip;]\" \/>\n<meta property=\"og:url\" content=\"https:\/\/mavi.uc.cl\/en\/premio-mavi-uc\/premio-mavi-uc-version-iv-2009\/\" \/>\n<meta property=\"og:site_name\" content=\"MAVI UC\" \/>\n<meta property=\"article:modified_time\" content=\"2023-01-27T17:08:33+00:00\" \/>\n<meta property=\"og:image\" content=\"https:\/\/mavi.uc.cl\/wp-content\/uploads\/2023\/01\/2009-MAVI-Premio-AJ.jpg\" \/>\n\t<meta property=\"og:image:width\" content=\"1170\" \/>\n\t<meta property=\"og:image:height\" content=\"550\" \/>\n\t<meta property=\"og:image:type\" content=\"image\/jpeg\" \/>\n<meta name=\"twitter:card\" content=\"summary_large_image\" \/>\n<meta name=\"twitter:label1\" content=\"Est. reading time\" \/>\n\t<meta name=\"twitter:data1\" content=\"1 minute\" \/>\n<script type=\"application\/ld+json\" class=\"yoast-schema-graph\">{\"@context\":\"https:\/\/schema.org\",\"@graph\":[{\"@type\":\"WebPage\",\"@id\":\"https:\/\/mavi.uc.cl\/en\/premio-mavi-uc\/premio-mavi-uc-version-iv-2009\/\",\"url\":\"https:\/\/mavi.uc.cl\/en\/premio-mavi-uc\/premio-mavi-uc-version-iv-2009\/\",\"name\":\"MAVI UC Award \u2013 Version IV 2009 - MAVI UC\",\"isPartOf\":{\"@id\":\"https:\/\/mavi.uc.cl\/#website\"},\"primaryImageOfPage\":{\"@id\":\"https:\/\/mavi.uc.cl\/en\/premio-mavi-uc\/premio-mavi-uc-version-iv-2009\/#primaryimage\"},\"image\":{\"@id\":\"https:\/\/mavi.uc.cl\/en\/premio-mavi-uc\/premio-mavi-uc-version-iv-2009\/#primaryimage\"},\"thumbnailUrl\":\"https:\/\/mavi.uc.cl\/wp-content\/uploads\/2023\/01\/2009-MAVI-Premio-AJ.jpg\",\"datePublished\":\"2009-01-26T18:16:00+00:00\",\"dateModified\":\"2023-01-27T17:08:33+00:00\",\"breadcrumb\":{\"@id\":\"https:\/\/mavi.uc.cl\/en\/premio-mavi-uc\/premio-mavi-uc-version-iv-2009\/#breadcrumb\"},\"inLanguage\":\"en-US\",\"potentialAction\":[{\"@type\":\"ReadAction\",\"target\":[\"https:\/\/mavi.uc.cl\/en\/premio-mavi-uc\/premio-mavi-uc-version-iv-2009\/\"]}]},{\"@type\":\"ImageObject\",\"inLanguage\":\"en-US\",\"@id\":\"https:\/\/mavi.uc.cl\/en\/premio-mavi-uc\/premio-mavi-uc-version-iv-2009\/#primaryimage\",\"url\":\"https:\/\/mavi.uc.cl\/wp-content\/uploads\/2023\/01\/2009-MAVI-Premio-AJ.jpg\",\"contentUrl\":\"https:\/\/mavi.uc.cl\/wp-content\/uploads\/2023\/01\/2009-MAVI-Premio-AJ.jpg\",\"width\":1170,\"height\":550},{\"@type\":\"BreadcrumbList\",\"@id\":\"https:\/\/mavi.uc.cl\/en\/premio-mavi-uc\/premio-mavi-uc-version-iv-2009\/#breadcrumb\",\"itemListElement\":[{\"@type\":\"ListItem\",\"position\":1,\"name\":\"Portada\",\"item\":\"https:\/\/mavi.uc.cl\/en\/\"},{\"@type\":\"ListItem\",\"position\":2,\"name\":\"Premio MAVI UC: Versiones pasadas\",\"item\":\"https:\/\/mavi.uc.cl\/premio-mavi-uc\/\"},{\"@type\":\"ListItem\",\"position\":3,\"name\":\"MAVI UC Award \u2013 Version IV 2009\"}]},{\"@type\":\"WebSite\",\"@id\":\"https:\/\/mavi.uc.cl\/#website\",\"url\":\"https:\/\/mavi.uc.cl\/\",\"name\":\"MAVI UC\",\"description\":\"Museo de Artes Visuales\",\"potentialAction\":[{\"@type\":\"SearchAction\",\"target\":{\"@type\":\"EntryPoint\",\"urlTemplate\":\"https:\/\/mavi.uc.cl\/?s={search_term_string}\"},\"query-input\":{\"@type\":\"PropertyValueSpecification\",\"valueRequired\":true,\"valueName\":\"search_term_string\"}}],\"inLanguage\":\"en-US\"}]}<\/script>\n<!-- \/ Yoast SEO plugin. -->","yoast_head_json":{"title":"MAVI UC Award \u2013 Version IV 2009 - MAVI UC","robots":{"index":"index","follow":"follow","max-snippet":"max-snippet:-1","max-image-preview":"max-image-preview:large","max-video-preview":"max-video-preview:-1"},"canonical":"https:\/\/mavi.uc.cl\/en\/premio-mavi-uc\/premio-mavi-uc-version-iv-2009\/","og_locale":"en_US","og_type":"article","og_title":"MAVI UC Award \u2013 Version IV 2009 - MAVI UC","og_description":"Mediante este concurso, el Museo de Artes Visuales se proyecta desde 2006 como agente activo en la creaci\u00f3n de oportunidades para j\u00f3venes creadores\/as. A su vez, quiere ser un nexo entre p\u00fablico y artistas, con el fin de reflejar inquietudes y tendencias de las nuevas generaciones. Se entreg\u00f3 el primer lugar a Pablo Serra, el [&hellip;]","og_url":"https:\/\/mavi.uc.cl\/en\/premio-mavi-uc\/premio-mavi-uc-version-iv-2009\/","og_site_name":"MAVI UC","article_modified_time":"2023-01-27T17:08:33+00:00","og_image":[{"width":1170,"height":550,"url":"https:\/\/mavi.uc.cl\/wp-content\/uploads\/2023\/01\/2009-MAVI-Premio-AJ.jpg","type":"image\/jpeg"}],"twitter_card":"summary_large_image","twitter_misc":{"Est. reading time":"1 minute"},"schema":{"@context":"https:\/\/schema.org","@graph":[{"@type":"WebPage","@id":"https:\/\/mavi.uc.cl\/en\/premio-mavi-uc\/premio-mavi-uc-version-iv-2009\/","url":"https:\/\/mavi.uc.cl\/en\/premio-mavi-uc\/premio-mavi-uc-version-iv-2009\/","name":"MAVI UC Award \u2013 Version IV 2009 - MAVI UC","isPartOf":{"@id":"https:\/\/mavi.uc.cl\/#website"},"primaryImageOfPage":{"@id":"https:\/\/mavi.uc.cl\/en\/premio-mavi-uc\/premio-mavi-uc-version-iv-2009\/#primaryimage"},"image":{"@id":"https:\/\/mavi.uc.cl\/en\/premio-mavi-uc\/premio-mavi-uc-version-iv-2009\/#primaryimage"},"thumbnailUrl":"https:\/\/mavi.uc.cl\/wp-content\/uploads\/2023\/01\/2009-MAVI-Premio-AJ.jpg","datePublished":"2009-01-26T18:16:00+00:00","dateModified":"2023-01-27T17:08:33+00:00","breadcrumb":{"@id":"https:\/\/mavi.uc.cl\/en\/premio-mavi-uc\/premio-mavi-uc-version-iv-2009\/#breadcrumb"},"inLanguage":"en-US","potentialAction":[{"@type":"ReadAction","target":["https:\/\/mavi.uc.cl\/en\/premio-mavi-uc\/premio-mavi-uc-version-iv-2009\/"]}]},{"@type":"ImageObject","inLanguage":"en-US","@id":"https:\/\/mavi.uc.cl\/en\/premio-mavi-uc\/premio-mavi-uc-version-iv-2009\/#primaryimage","url":"https:\/\/mavi.uc.cl\/wp-content\/uploads\/2023\/01\/2009-MAVI-Premio-AJ.jpg","contentUrl":"https:\/\/mavi.uc.cl\/wp-content\/uploads\/2023\/01\/2009-MAVI-Premio-AJ.jpg","width":1170,"height":550},{"@type":"BreadcrumbList","@id":"https:\/\/mavi.uc.cl\/en\/premio-mavi-uc\/premio-mavi-uc-version-iv-2009\/#breadcrumb","itemListElement":[{"@type":"ListItem","position":1,"name":"Portada","item":"https:\/\/mavi.uc.cl\/en\/"},{"@type":"ListItem","position":2,"name":"Premio MAVI UC: Versiones pasadas","item":"https:\/\/mavi.uc.cl\/premio-mavi-uc\/"},{"@type":"ListItem","position":3,"name":"MAVI UC Award \u2013 Version IV 2009"}]},{"@type":"WebSite","@id":"https:\/\/mavi.uc.cl\/#website","url":"https:\/\/mavi.uc.cl\/","name":"MAVI UC","description":"Museo de Artes Visuales","potentialAction":[{"@type":"SearchAction","target":{"@type":"EntryPoint","urlTemplate":"https:\/\/mavi.uc.cl\/?s={search_term_string}"},"query-input":{"@type":"PropertyValueSpecification","valueRequired":true,"valueName":"search_term_string"}}],"inLanguage":"en-US"}]}},"_links":{"self":[{"href":"https:\/\/mavi.uc.cl\/en\/wp-json\/wp\/v2\/premio-mavi-uc\/2480","targetHints":{"allow":["GET"]}}],"collection":[{"href":"https:\/\/mavi.uc.cl\/en\/wp-json\/wp\/v2\/premio-mavi-uc"}],"about":[{"href":"https:\/\/mavi.uc.cl\/en\/wp-json\/wp\/v2\/types\/premio-mavi-uc"}],"wp:featuredmedia":[{"embeddable":true,"href":"https:\/\/mavi.uc.cl\/en\/wp-json\/wp\/v2\/media\/2361"}],"wp:attachment":[{"href":"https:\/\/mavi.uc.cl\/en\/wp-json\/wp\/v2\/media?parent=2480"}],"curies":[{"name":"wp","href":"https:\/\/api.w.org\/{rel}","templated":true}]}}

<p>Mediante este concurso, el Museo de Artes Visuales se proyecta desde 2006 como agente activo en la creación de oportunidades para jóvenes creadores/as. A su vez, quiere ser un nexo entre público y artistas, con el fin de reflejar inquietudes y tendencias de las nuevas generaciones.</p>



<p>Se entregó el primer lugar a Pablo Serra, el segundo lugar a Claudia Bitrán, el tercer lugar a José Carcavilla. Se otorgó el Premio Bicentenario a Paulina Miranda. Además, se destacaron seis menciones honrosas: Patricia Vogel, Gabriela Vásquez, Nicole Pemjean, Francisca Eluchans, Enrique Ramírez y Felipe Muhr.</p>

<!-- This site is optimized with the Yoast SEO plugin v27.0 - https://yoast.com/product/yoast-seo-wordpress/ -->
<title>MAVI UC Award – Version IV 2009 - MAVI UC</title>
<meta name="robots" content="index, follow, max-snippet:-1, max-image-preview:large, max-video-preview:-1" />
<link rel="canonical" href="https://mavi.uc.cl/en/premio-mavi-uc/premio-mavi-uc-version-iv-2009/" />
<meta property="og:locale" content="en_US" />
<meta property="og:type" content="article" />
<meta property="og:title" content="MAVI UC Award – Version IV 2009 - MAVI UC" />
<meta property="og:description" content="Mediante este concurso, el Museo de Artes Visuales se proyecta desde 2006 como agente activo en la creación de oportunidades para jóvenes creadores/as. A su vez, quiere ser un nexo entre público y artistas, con el fin de reflejar inquietudes y tendencias de las nuevas generaciones. Se entregó el primer lugar a Pablo Serra, el [&hellip;]" />
<meta property="og:url" content="https://mavi.uc.cl/en/premio-mavi-uc/premio-mavi-uc-version-iv-2009/" />
<meta property="og:site_name" content="MAVI UC" />
<meta property="article:modified_time" content="2023-01-27T17:08:33+00:00" />
<meta property="og:image" content="https://mavi.uc.cl/wp-content/uploads/2023/01/2009-MAVI-Premio-AJ.jpg" />
	<meta property="og:image:width" content="1170" />
	<meta property="og:image:height" content="550" />
	<meta property="og:image:type" content="image/jpeg" />
<meta name="twitter:card" content="summary_large_image" />
<meta name="twitter:label1" content="Est. reading time" />
	<meta name="twitter:data1" content="1 minute" />
<script type="application/ld+json" class="yoast-schema-graph">{"@context":"https://schema.org","@graph":[{"@type":"WebPage","@id":"https://mavi.uc.cl/en/premio-mavi-uc/premio-mavi-uc-version-iv-2009/","url":"https://mavi.uc.cl/en/premio-mavi-uc/premio-mavi-uc-version-iv-2009/","name":"MAVI UC Award – Version IV 2009 - MAVI UC","isPartOf":{"@id":"https://mavi.uc.cl/#website"},"primaryImageOfPage":{"@id":"https://mavi.uc.cl/en/premio-mavi-uc/premio-mavi-uc-version-iv-2009/#primaryimage"},"image":{"@id":"https://mavi.uc.cl/en/premio-mavi-uc/premio-mavi-uc-version-iv-2009/#primaryimage"},"thumbnailUrl":"https://mavi.uc.cl/wp-content/uploads/2023/01/2009-MAVI-Premio-AJ.jpg","datePublished":"2009-01-26T18:16:00+00:00","dateModified":"2023-01-27T17:08:33+00:00","breadcrumb":{"@id":"https://mavi.uc.cl/en/premio-mavi-uc/premio-mavi-uc-version-iv-2009/#breadcrumb"},"inLanguage":"en-US","potentialAction":[{"@type":"ReadAction","target":["https://mavi.uc.cl/en/premio-mavi-uc/premio-mavi-uc-version-iv-2009/"]}]},{"@type":"ImageObject","inLanguage":"en-US","@id":"https://mavi.uc.cl/en/premio-mavi-uc/premio-mavi-uc-version-iv-2009/#primaryimage","url":"https://mavi.uc.cl/wp-content/uploads/2023/01/2009-MAVI-Premio-AJ.jpg","contentUrl":"https://mavi.uc.cl/wp-content/uploads/2023/01/2009-MAVI-Premio-AJ.jpg","width":1170,"height":550},{"@type":"BreadcrumbList","@id":"https://mavi.uc.cl/en/premio-mavi-uc/premio-mavi-uc-version-iv-2009/#breadcrumb","itemListElement":[{"@type":"ListItem","position":1,"name":"Portada","item":"https://mavi.uc.cl/en/"},{"@type":"ListItem","position":2,"name":"Premio MAVI UC: Versiones pasadas","item":"https://mavi.uc.cl/premio-mavi-uc/"},{"@type":"ListItem","position":3,"name":"MAVI UC Award – Version IV 2009"}]},{"@type":"WebSite","@id":"https://mavi.uc.cl/#website","url":"https://mavi.uc.cl/","name":"MAVI UC","description":"Museo de Artes Visuales","potentialAction":[{"@type":"SearchAction","target":{"@type":"EntryPoint","urlTemplate":"https://mavi.uc.cl/?s={search_term_string}"},"query-input":{"@type":"PropertyValueSpecification","valueRequired":true,"valueName":"search_term_string"}}],"inLanguage":"en-US"}]}</script>
<!-- / Yoast SEO plugin. -->

Mediante este concurso, el Museo de Artes Visuales se proyecta desde 2006 como agente activo en la creación de oportunidades para jóvenes creadores/as. A su vez, quiere ser un nexo entre público y artistas, con el fin de reflejar inquietudes y tendencias de las nuevas generaciones. Se entregó el primer lugar a Pablo Serra, el [&hellip;]
