{"id":2591,"date":"1998-01-01T00:00:00","date_gmt":"1998-01-01T03:00:00","guid":{"rendered":"https:\/\/skymedia.works\/mavi\/coleccion-mavi-uc\/adoremos\/"},"modified":"2023-01-27T14:31:12","modified_gmt":"2023-01-27T17:31:12","slug":"adoremos","status":"publish","type":"coleccion-mavi-uc","link":"https:\/\/mavi.uc.cl\/en\/coleccion-mavi-uc\/adoremos\/","title":{"rendered":"Adoremos"},"content":{"rendered":"<p>\u201cAdoremos\u201d (1998) de MARIANA MATTHEWS. Fotograf\u00eda blanco y negro, 60 x 60 cm<\/p>\n<p>La fot\u00f3grafa Mariana Matthews (1946) se form\u00f3 principalmente en Estados Unidos, donde pas\u00f3 gran parte de su infancia y juventud. All\u00ed fue alumna de la American University de Washington D.C., Estados Unidos, donde se gradu\u00f3 como Bachelor of Arts. Posteriormente, durante 1969 y 1970, realiz\u00f3 un posgrado en Fotograf\u00eda en la University of Ohio, Athens, situada en el mismo pa\u00eds. En 1976 regres\u00f3 a Chile donde ha desarrollado gran parte de su carrera enfocada principalmente en la fotograf\u00eda documental y el rescate de archivos de fotograf\u00eda patrimonial.<\/p>\n<p>Sus intereses por las tradiciones populares la han llevado a trabajar principalmente en el sur de Chile. Durante la d\u00e9cada de los 80 registr\u00f3 un gran n\u00famero de fiestas religiosas y tradiciones de Chilo\u00e9 ilustrado en trabajos como Chilo\u00e9: el bordemar (1988) y Adoremos(1988). Esta \u00faltima forma parte de la Colecci\u00f3n del MAVI. Hacia finales de los a\u00f1os 90, Matthews comenz\u00f3 a intervenir sus fotograf\u00edas, realizando fotomontajes y collage o aplicando coloraci\u00f3n parcial con t\u00e9cnicas an\u00e1logas y digitales. Ejemplo de esto son las series Rostros y encuentros chilotes (1998) y Des ahogo (2000), esta \u00faltima se trata de una exploraci\u00f3n m\u00e1s personal, \u00edntima y autobiogr\u00e1fica saliendo del mero registro documental.<\/p>\n<p>Su trabajo es reconocido en el \u00e1mbito nacional recibiendo en dos ocasiones el Premio Altazor a las Artes Nacionales (2000-2003).<\/p>\n","protected":false},"featured_media":1314,"template":"","artistas":[408],"tecnica":[],"class_list":["post-2591","coleccion-mavi-uc","type-coleccion-mavi-uc","status-publish","has-post-thumbnail","hentry","artistas-mariana-matthews-en"],"acf":[],"yoast_head":"<!-- This site is optimized with the Yoast SEO plugin v27.0 - https:\/\/yoast.com\/product\/yoast-seo-wordpress\/ -->\n<title>Adoremos - MAVI UC<\/title>\n<meta name=\"description\" content=\"La Colecci\u00f3n de Arte del Museo de Artes Visuales MAVI UC re\u00fane m\u00e1s de mil obras y aqu\u00ed puedes ver algunas de ellas.\" \/>\n<meta name=\"robots\" content=\"index, follow, max-snippet:-1, max-image-preview:large, max-video-preview:-1\" \/>\n<link rel=\"canonical\" href=\"https:\/\/mavi.uc.cl\/en\/coleccion-mavi-uc\/adoremos\/\" \/>\n<meta property=\"og:locale\" content=\"en_US\" \/>\n<meta property=\"og:type\" content=\"article\" \/>\n<meta property=\"og:title\" content=\"Adoremos - MAVI UC\" \/>\n<meta property=\"og:description\" content=\"La Colecci\u00f3n de Arte del Museo de Artes Visuales MAVI UC re\u00fane m\u00e1s de mil obras y aqu\u00ed puedes ver algunas de ellas.\" \/>\n<meta property=\"og:url\" content=\"https:\/\/mavi.uc.cl\/en\/coleccion-mavi-uc\/adoremos\/\" \/>\n<meta property=\"og:site_name\" content=\"MAVI UC\" \/>\n<meta property=\"article:modified_time\" content=\"2023-01-27T17:31:12+00:00\" \/>\n<meta property=\"og:image\" content=\"https:\/\/mavi.uc.cl\/wp-content\/uploads\/2023\/01\/F1-0109-MATTHEWS.jpg\" \/>\n\t<meta property=\"og:image:width\" content=\"783\" \/>\n\t<meta property=\"og:image:height\" content=\"962\" \/>\n\t<meta property=\"og:image:type\" content=\"image\/jpeg\" \/>\n<meta name=\"twitter:card\" content=\"summary_large_image\" \/>\n<meta name=\"twitter:label1\" content=\"Est. reading time\" \/>\n\t<meta name=\"twitter:data1\" content=\"1 minute\" \/>\n<script type=\"application\/ld+json\" class=\"yoast-schema-graph\">{\"@context\":\"https:\/\/schema.org\",\"@graph\":[{\"@type\":\"WebPage\",\"@id\":\"https:\/\/mavi.uc.cl\/en\/coleccion-mavi-uc\/adoremos\/\",\"url\":\"https:\/\/mavi.uc.cl\/en\/coleccion-mavi-uc\/adoremos\/\",\"name\":\"Adoremos - MAVI UC\",\"isPartOf\":{\"@id\":\"https:\/\/mavi.uc.cl\/#website\"},\"primaryImageOfPage\":{\"@id\":\"https:\/\/mavi.uc.cl\/en\/coleccion-mavi-uc\/adoremos\/#primaryimage\"},\"image\":{\"@id\":\"https:\/\/mavi.uc.cl\/en\/coleccion-mavi-uc\/adoremos\/#primaryimage\"},\"thumbnailUrl\":\"https:\/\/mavi.uc.cl\/wp-content\/uploads\/2023\/01\/F1-0109-MATTHEWS.jpg\",\"datePublished\":\"1998-01-01T03:00:00+00:00\",\"dateModified\":\"2023-01-27T17:31:12+00:00\",\"description\":\"La Colecci\u00f3n de Arte del Museo de Artes Visuales MAVI UC re\u00fane m\u00e1s de mil obras y aqu\u00ed puedes ver algunas de ellas.\",\"breadcrumb\":{\"@id\":\"https:\/\/mavi.uc.cl\/en\/coleccion-mavi-uc\/adoremos\/#breadcrumb\"},\"inLanguage\":\"en-US\",\"potentialAction\":[{\"@type\":\"ReadAction\",\"target\":[\"https:\/\/mavi.uc.cl\/en\/coleccion-mavi-uc\/adoremos\/\"]}]},{\"@type\":\"ImageObject\",\"inLanguage\":\"en-US\",\"@id\":\"https:\/\/mavi.uc.cl\/en\/coleccion-mavi-uc\/adoremos\/#primaryimage\",\"url\":\"https:\/\/mavi.uc.cl\/wp-content\/uploads\/2023\/01\/F1-0109-MATTHEWS.jpg\",\"contentUrl\":\"https:\/\/mavi.uc.cl\/wp-content\/uploads\/2023\/01\/F1-0109-MATTHEWS.jpg\",\"width\":783,\"height\":962},{\"@type\":\"BreadcrumbList\",\"@id\":\"https:\/\/mavi.uc.cl\/en\/coleccion-mavi-uc\/adoremos\/#breadcrumb\",\"itemListElement\":[{\"@type\":\"ListItem\",\"position\":1,\"name\":\"Portada\",\"item\":\"https:\/\/mavi.uc.cl\/en\/\"},{\"@type\":\"ListItem\",\"position\":2,\"name\":\"Colecci\u00f3n MAVI UC: Archivo de obras\",\"item\":\"https:\/\/mavi.uc.cl\/coleccion-mavi-uc\/\"},{\"@type\":\"ListItem\",\"position\":3,\"name\":\"Adoremos\"}]},{\"@type\":\"WebSite\",\"@id\":\"https:\/\/mavi.uc.cl\/#website\",\"url\":\"https:\/\/mavi.uc.cl\/\",\"name\":\"MAVI UC\",\"description\":\"Museo de Artes Visuales\",\"potentialAction\":[{\"@type\":\"SearchAction\",\"target\":{\"@type\":\"EntryPoint\",\"urlTemplate\":\"https:\/\/mavi.uc.cl\/?s={search_term_string}\"},\"query-input\":{\"@type\":\"PropertyValueSpecification\",\"valueRequired\":true,\"valueName\":\"search_term_string\"}}],\"inLanguage\":\"en-US\"}]}<\/script>\n<!-- \/ Yoast SEO plugin. -->","yoast_head_json":{"title":"Adoremos - MAVI UC","description":"La Colecci\u00f3n de Arte del Museo de Artes Visuales MAVI UC re\u00fane m\u00e1s de mil obras y aqu\u00ed puedes ver algunas de ellas.","robots":{"index":"index","follow":"follow","max-snippet":"max-snippet:-1","max-image-preview":"max-image-preview:large","max-video-preview":"max-video-preview:-1"},"canonical":"https:\/\/mavi.uc.cl\/en\/coleccion-mavi-uc\/adoremos\/","og_locale":"en_US","og_type":"article","og_title":"Adoremos - MAVI UC","og_description":"La Colecci\u00f3n de Arte del Museo de Artes Visuales MAVI UC re\u00fane m\u00e1s de mil obras y aqu\u00ed puedes ver algunas de ellas.","og_url":"https:\/\/mavi.uc.cl\/en\/coleccion-mavi-uc\/adoremos\/","og_site_name":"MAVI UC","article_modified_time":"2023-01-27T17:31:12+00:00","og_image":[{"width":783,"height":962,"url":"https:\/\/mavi.uc.cl\/wp-content\/uploads\/2023\/01\/F1-0109-MATTHEWS.jpg","type":"image\/jpeg"}],"twitter_card":"summary_large_image","twitter_misc":{"Est. reading time":"1 minute"},"schema":{"@context":"https:\/\/schema.org","@graph":[{"@type":"WebPage","@id":"https:\/\/mavi.uc.cl\/en\/coleccion-mavi-uc\/adoremos\/","url":"https:\/\/mavi.uc.cl\/en\/coleccion-mavi-uc\/adoremos\/","name":"Adoremos - MAVI UC","isPartOf":{"@id":"https:\/\/mavi.uc.cl\/#website"},"primaryImageOfPage":{"@id":"https:\/\/mavi.uc.cl\/en\/coleccion-mavi-uc\/adoremos\/#primaryimage"},"image":{"@id":"https:\/\/mavi.uc.cl\/en\/coleccion-mavi-uc\/adoremos\/#primaryimage"},"thumbnailUrl":"https:\/\/mavi.uc.cl\/wp-content\/uploads\/2023\/01\/F1-0109-MATTHEWS.jpg","datePublished":"1998-01-01T03:00:00+00:00","dateModified":"2023-01-27T17:31:12+00:00","description":"La Colecci\u00f3n de Arte del Museo de Artes Visuales MAVI UC re\u00fane m\u00e1s de mil obras y aqu\u00ed puedes ver algunas de ellas.","breadcrumb":{"@id":"https:\/\/mavi.uc.cl\/en\/coleccion-mavi-uc\/adoremos\/#breadcrumb"},"inLanguage":"en-US","potentialAction":[{"@type":"ReadAction","target":["https:\/\/mavi.uc.cl\/en\/coleccion-mavi-uc\/adoremos\/"]}]},{"@type":"ImageObject","inLanguage":"en-US","@id":"https:\/\/mavi.uc.cl\/en\/coleccion-mavi-uc\/adoremos\/#primaryimage","url":"https:\/\/mavi.uc.cl\/wp-content\/uploads\/2023\/01\/F1-0109-MATTHEWS.jpg","contentUrl":"https:\/\/mavi.uc.cl\/wp-content\/uploads\/2023\/01\/F1-0109-MATTHEWS.jpg","width":783,"height":962},{"@type":"BreadcrumbList","@id":"https:\/\/mavi.uc.cl\/en\/coleccion-mavi-uc\/adoremos\/#breadcrumb","itemListElement":[{"@type":"ListItem","position":1,"name":"Portada","item":"https:\/\/mavi.uc.cl\/en\/"},{"@type":"ListItem","position":2,"name":"Colecci\u00f3n MAVI UC: Archivo de obras","item":"https:\/\/mavi.uc.cl\/coleccion-mavi-uc\/"},{"@type":"ListItem","position":3,"name":"Adoremos"}]},{"@type":"WebSite","@id":"https:\/\/mavi.uc.cl\/#website","url":"https:\/\/mavi.uc.cl\/","name":"MAVI UC","description":"Museo de Artes Visuales","potentialAction":[{"@type":"SearchAction","target":{"@type":"EntryPoint","urlTemplate":"https:\/\/mavi.uc.cl\/?s={search_term_string}"},"query-input":{"@type":"PropertyValueSpecification","valueRequired":true,"valueName":"search_term_string"}}],"inLanguage":"en-US"}]}},"_links":{"self":[{"href":"https:\/\/mavi.uc.cl\/en\/wp-json\/wp\/v2\/coleccion-mavi-uc\/2591","targetHints":{"allow":["GET"]}}],"collection":[{"href":"https:\/\/mavi.uc.cl\/en\/wp-json\/wp\/v2\/coleccion-mavi-uc"}],"about":[{"href":"https:\/\/mavi.uc.cl\/en\/wp-json\/wp\/v2\/types\/coleccion-mavi-uc"}],"wp:featuredmedia":[{"embeddable":true,"href":"https:\/\/mavi.uc.cl\/en\/wp-json\/wp\/v2\/media\/1314"}],"wp:attachment":[{"href":"https:\/\/mavi.uc.cl\/en\/wp-json\/wp\/v2\/media?parent=2591"}],"wp:term":[{"taxonomy":"artistas","embeddable":true,"href":"https:\/\/mavi.uc.cl\/en\/wp-json\/wp\/v2\/artistas?post=2591"},{"taxonomy":"tecnica","embeddable":true,"href":"https:\/\/mavi.uc.cl\/en\/wp-json\/wp\/v2\/tecnica?post=2591"}],"curies":[{"name":"wp","href":"https:\/\/api.w.org\/{rel}","templated":true}]}}

<p>“Adoremos” (1998) de MARIANA MATTHEWS. Fotografía blanco y negro, 60 x 60 cm</p>
<p>La fotógrafa Mariana Matthews (1946) se formó principalmente en Estados Unidos, donde pasó gran parte de su infancia y juventud. Allí fue alumna de la American University de Washington D.C., Estados Unidos, donde se graduó como Bachelor of Arts. Posteriormente, durante 1969 y 1970, realizó un posgrado en Fotografía en la University of Ohio, Athens, situada en el mismo país. En 1976 regresó a Chile donde ha desarrollado gran parte de su carrera enfocada principalmente en la fotografía documental y el rescate de archivos de fotografía patrimonial.</p>
<p>Sus intereses por las tradiciones populares la han llevado a trabajar principalmente en el sur de Chile. Durante la década de los 80 registró un gran número de fiestas religiosas y tradiciones de Chiloé ilustrado en trabajos como Chiloé: el bordemar (1988) y Adoremos(1988). Esta última forma parte de la Colección del MAVI. Hacia finales de los años 90, Matthews comenzó a intervenir sus fotografías, realizando fotomontajes y collage o aplicando coloración parcial con técnicas análogas y digitales. Ejemplo de esto son las series Rostros y encuentros chilotes (1998) y Des ahogo (2000), esta última se trata de una exploración más personal, íntima y autobiográfica saliendo del mero registro documental.</p>
<p>Su trabajo es reconocido en el ámbito nacional recibiendo en dos ocasiones el Premio Altazor a las Artes Nacionales (2000-2003).</p>

<!-- This site is optimized with the Yoast SEO plugin v27.0 - https://yoast.com/product/yoast-seo-wordpress/ -->
<title>Adoremos - MAVI UC</title>
<meta name="description" content="La Colección de Arte del Museo de Artes Visuales MAVI UC reúne más de mil obras y aquí puedes ver algunas de ellas." />
<meta name="robots" content="index, follow, max-snippet:-1, max-image-preview:large, max-video-preview:-1" />
<link rel="canonical" href="https://mavi.uc.cl/en/coleccion-mavi-uc/adoremos/" />
<meta property="og:locale" content="en_US" />
<meta property="og:type" content="article" />
<meta property="og:title" content="Adoremos - MAVI UC" />
<meta property="og:description" content="La Colección de Arte del Museo de Artes Visuales MAVI UC reúne más de mil obras y aquí puedes ver algunas de ellas." />
<meta property="og:url" content="https://mavi.uc.cl/en/coleccion-mavi-uc/adoremos/" />
<meta property="og:site_name" content="MAVI UC" />
<meta property="article:modified_time" content="2023-01-27T17:31:12+00:00" />
<meta property="og:image" content="https://mavi.uc.cl/wp-content/uploads/2023/01/F1-0109-MATTHEWS.jpg" />
	<meta property="og:image:width" content="783" />
	<meta property="og:image:height" content="962" />
	<meta property="og:image:type" content="image/jpeg" />
<meta name="twitter:card" content="summary_large_image" />
<meta name="twitter:label1" content="Est. reading time" />
	<meta name="twitter:data1" content="1 minute" />
<script type="application/ld+json" class="yoast-schema-graph">{"@context":"https://schema.org","@graph":[{"@type":"WebPage","@id":"https://mavi.uc.cl/en/coleccion-mavi-uc/adoremos/","url":"https://mavi.uc.cl/en/coleccion-mavi-uc/adoremos/","name":"Adoremos - MAVI UC","isPartOf":{"@id":"https://mavi.uc.cl/#website"},"primaryImageOfPage":{"@id":"https://mavi.uc.cl/en/coleccion-mavi-uc/adoremos/#primaryimage"},"image":{"@id":"https://mavi.uc.cl/en/coleccion-mavi-uc/adoremos/#primaryimage"},"thumbnailUrl":"https://mavi.uc.cl/wp-content/uploads/2023/01/F1-0109-MATTHEWS.jpg","datePublished":"1998-01-01T03:00:00+00:00","dateModified":"2023-01-27T17:31:12+00:00","description":"La Colección de Arte del Museo de Artes Visuales MAVI UC reúne más de mil obras y aquí puedes ver algunas de ellas.","breadcrumb":{"@id":"https://mavi.uc.cl/en/coleccion-mavi-uc/adoremos/#breadcrumb"},"inLanguage":"en-US","potentialAction":[{"@type":"ReadAction","target":["https://mavi.uc.cl/en/coleccion-mavi-uc/adoremos/"]}]},{"@type":"ImageObject","inLanguage":"en-US","@id":"https://mavi.uc.cl/en/coleccion-mavi-uc/adoremos/#primaryimage","url":"https://mavi.uc.cl/wp-content/uploads/2023/01/F1-0109-MATTHEWS.jpg","contentUrl":"https://mavi.uc.cl/wp-content/uploads/2023/01/F1-0109-MATTHEWS.jpg","width":783,"height":962},{"@type":"BreadcrumbList","@id":"https://mavi.uc.cl/en/coleccion-mavi-uc/adoremos/#breadcrumb","itemListElement":[{"@type":"ListItem","position":1,"name":"Portada","item":"https://mavi.uc.cl/en/"},{"@type":"ListItem","position":2,"name":"Colección MAVI UC: Archivo de obras","item":"https://mavi.uc.cl/coleccion-mavi-uc/"},{"@type":"ListItem","position":3,"name":"Adoremos"}]},{"@type":"WebSite","@id":"https://mavi.uc.cl/#website","url":"https://mavi.uc.cl/","name":"MAVI UC","description":"Museo de Artes Visuales","potentialAction":[{"@type":"SearchAction","target":{"@type":"EntryPoint","urlTemplate":"https://mavi.uc.cl/?s={search_term_string}"},"query-input":{"@type":"PropertyValueSpecification","valueRequired":true,"valueName":"search_term_string"}}],"inLanguage":"en-US"}]}</script>
<!-- / Yoast SEO plugin. -->

La Colección de Arte del Museo de Artes Visuales MAVI UC reúne más de mil obras y aquí puedes ver algunas de ellas.

Colección MAVI UC: Archivo de obras
